divided by 3602.
25
Calculate the remainder when 6677 is divided by 109.
28
Calculate the remainder when 49924 is divided by 70.
14
Calculate the remainder when 9166 is divided by 72.
22
Calculate the remainder when 68798 is divided by 99.
92
Calculate the remainder when 63107 is divided by 21034.
5
Calculate the remainder when 15551 is divided by 117.
107
What is the remainder when 1541 is divided by 212?
57
Calculate the remainder when 17747 is divided by 97.
93
Calculate the remainder when 1604555 is divided by 537.
536
Calculate the remainder when 883 is divided by 42.
1
Calculate the remainder when 6895 is divided by 87.
22
What is the remainder when 10036 is divided by 150?
136
Calculate the remainder when 73893 is divided by 118.
25
Calculate the remainder when 5392 is divided by 90.
82
Calculate the remainder when 4850 is divided by 1.
0
Calculate the remainder when 13812 is divided by 48.
36
Calculate the remainder when 5674 is divided by 405.
4
Calculate the remainder when 65623 is divided by 1193.
8
Calculate the remainder when 9843 is divided by 105.
78
Calculate the remainder when 1618533 is divided by 38.
37
What is the remainder when 5897 is divided by 455?
437
Calculate the remainder when 22683 is divided by 406.
353
What is the remainder when 257093 is divided by 5470?
3
Calculate the remainder when 12522 is divided by 3128.
10
Calculate the remainder when 16644 is divided by 2774.
0
What is the remainder when 354306 is divided by 1322?
10
Calculate the remainder when 381629 is divided by 134.
131
Calculate the remainder when 1197 is divided by 382.
51
Calculate the remainder when 53251 is divided by 17744.
19
What is the remainder when 2741 is divided by 15?
11
Calculate the remainder when 18951 is divided by 261.
159
Calculate the remainder when 210693 is divided by 490.
483
Calculate the remainder when 227498 is divided by 18.
14
What is the remainder when 5072 is divided by 1262?
24
What is the remainder when 2838429 is divided by 23?
22
Calculate the remainder when 6893743 is divided by 1012.
1011
Calculate the remainder when 63877 is divided by 378.
373
What is the remainder when 15671 is divided by 35?
26
Calculate the remainder when 1460228 is divided by 7936.
4
Calculate the remainder when 4365 is divided by 2173.
19
What is the remainder when 4976 is divided by 9?
8
What is the remainder when 10183 is divided by 1392?
439
Calculate the remainder when 5641 is divided by 167.
130
Calculate the remainder when 611120 is divided by 254.
250
What is the remainder when 62335 is divided by 1272?
7
What is the remainder when 11251 is divided by 777?
373
Calculate the remainder when 140490 is divided by 3512.
10
What is the remainder when 1904 is divided by 179?
114
What is the remainder when 28907 is divided by 8?
3
Calculate the remainder when 11699369 is divided by 270.
269
Calculate the remainder when 342415 is divided by 3.
1
What is the remainder when 20795 is divided by 104?
99
Calculate the remainder when 1557 is divided by 656.
245
What is the remainder when 5645 is divided by 2406?
833
What is the remainder when 9708 is divided by 1508?
660
Calculate the remainder when 6658 is divided by 220.
58
Calculate the remainder when 3804 is divided by 382.
366
Calculate the remainder when 8503 is divided by 8.
7
What is the remainder when 1614 is divided by 119?
67
What is the remainder when 118949 is divided by 351?
311
Calculate the remainder when 286898 is divided by 16876.
6
What is the remainder when 8178 is divided by 220?
38
Calculate the remainder when 1662865 is divided by 34.
27
Calculate the remainder when 181720 is divided by 2596.
0
What is the remainder when 6880 is divided by 6533?
347
Calculate the remainder when 4528 is divided by 371.
76
What is the remainder when 4011 is divided by 569?
28
What is the remainder when 2916 is divided by 266?
256
Calculate the remainder when 67229 is divided by 1372.
1
What is the remainder when 144494 is divided by 170?
164
What is the remainder when 9725 is divided by 930?
425
Calculate the remainder when 306329 is divided by 306317.
12
What is the remainder when 4712 is divided by 2320?
72
Calculate the remainder when 47633 is divided by 991.
65
What is the remainder when 1652 is divided by 542?
26
What is the remainder when 455 is divided by 154?
147
What is the remainder when 27578 is divided by 998?
632
Calculate the remainder when 17803 is divided by 524.
511
Calculate the remainder when 63050 is divided by 474.
8
Calculate the remainder when 33437 is divided by 304.
301
Calculate the remainder when 143801 is divided by 314.
303
What is the remainder when 29957 is divided by 11?
4
What is the remainder when 211766 is divided by 1103?
1093
Calculate the remainder when 14715 is divided by 80.
75
Calculate the remainder when 64555 is divided by 9.
7
Calculate the remainder when 18611 is divided by 133.
124
Calculate the remainder when 2230 is divided by 36.
34
What is the remainder when 12072 is divided by 208?
8
What is the remainder when 96998 is divided by 20?
18
Calculate the remainder when 1140826 is divided by 103.
101
What is the remainder when 2784 is divided by 311?
296
What is the remainder when 18231 is divided by 114?
105
Calculate the remainder when 515 is divided by 57.
2
What is the remainder when 13715 is divided by 19?
16
What is the remainder when 8541 is divided by 9?
0
Calculate the remainder when 39729 is divided by 2480.
49
What is the remainder when 38530 is divided by 247?
245
What is the remainder when 81477 is divided by 59?
57
Calculate the remainder when 1580 is divided by 62.
30
Calculate the remainder when 2581 is divided by 124.
101
What is the remainder when 352632 is divided by 22?
16
What is the remainder when 15745 is divided by 2830?
1595
Calculate the remainder when 26755 is divided by 3783.
274
What is the remainder when 46 is divided by 3?
1
Calculate the remainder when 9038 is divided by 1341.
992
Calculate the remainder when 34675 is divided by 170.
165
Calculate the remainder when 1975434 is divided by 309.
306
Calculate the remainder when 197172 is divided by 65698.
78
What is the remainder when 3738286 is divided by 228?
226
What is the remainder when 40180 is divided by 9955?
360
What is the remainder when 5065 is divided by 1206?
241
What is the remainder when 115 is divided by 14?
3
What is the remainder when 462531 is divided by 607?
604
What is the remainder when 120735 is divided by 176?
175
Calculate the remainder when 56921 is divided by 99.
95
Calculate the remainder when 18111 is divided by 3622.
1
Calculate the remainder when 1350 is divided by 297.
162
Calculate the remainder when 30974 is divided by 553.
6
What is the remainder when 1100 is divided by 494?
112
What is the remainder when 6499 is divided by 23?
13
Calculate the remainder when 422178 is divided by 22.
20
What is the remainder when 2088 is divided by 348?
0
What is the remainder when 44895 is divided by 184?
183
Calculate the remainder when 13580 is divided by 1.
0
Calculate the remainder when 834722 is divided by 5.
2
What is the remainder when 117037 is divided by 39009?
10
Calculate the remainder when 22228 is divided by 183.
85
What is the remainder when 6538 is divided by 104?
90
Calculate the remainder when 3206 is divided by 47.
10
What is the remainder when 947012 is divided by 82?
76
What is the remainder when 369 is divided by 70?
19
What is the remainder when 70985 is divided by 23650?
35
What is the remainder when 14908 is divided by 2479?
34
Calculate the remainder when 3016 is divided by 137.
2
Calculate the remainder when 18127 is divided by 863.
4
What is the remainder when 5047716 is divided by 106?
102
Calculate the remainder when 909 is divided by 199.
113
Calculate the remainder when 3845159 is divided by 34.
31
Calculate the remainder when 28834 is divided by 20.
14
What is the remainder when 2211 is divided by 9?
6
What is the remainder when 10023 is divided by 37?
33
Calculate the remainder when 4725 is divided by 382.
141
What is the remainder when 28368 is divided by 14169?
30
What is the remainder when 47178 is divided by 6722?
124
Calculate the remainder when 56571 is divided by 2693.
18
Calculate the remainder when 50037 